 the value of -1 + 0 + (1 - -1)?
1
Calculate (150 - 142) + (-5 - (-1 + -1)).
5
-7 + 16 + -11 + (-1 - 4)
-7
What is 135 + -123 + -4 + -2?
6
Evaluate (11 - (-3 + 5)) + -10.
-1
What is -5 - 1 - -16 - 6?
4
Calculate -4 - (-3 - -1) - (-13 - -14).
-3
(-6 - -10 - (6 + -1)) + 3
2
Evaluate -11 - -7 - (3 + (4 - 5)).
-6
Evaluate -4 + -4 + (4 - 5).
-9
What is the value of (0 - 0) + (-1 - -14 - 10)?
3
3 - 1 - (11 - 1 - 1)
-7
-3 + -7 + 26 + -7 + -6
3
Calculate (-1 - -1) + (-37 - -42).
5
17 + -7 - 5 - 5
0
What is the value of (3 - -2) + -1 + -1?
3
(8 - (-7 - -9)) + 1
7
-6 - (-1 - (2 - (3 - 2)))
-4
What is the value of 7 + -1 - ((2 - 1) + 2)?
3
Calculate (-3 - (21 - 11)) + 5.
-8
(-1 - -3) + -2 + 1
1
(6 - -1) + -3 + -2 + -2
0
What is the value of -2 + 1 + (-5 - -2)?
-4
What is (-3 - (0 + -3)) + -3?
-3
Evaluate -9 - (-9 + -3 + 0).
3
Calculate -5 + (1 - (-11 - -14)).
-7
Evaluate -7 - 0 - (-8 - 0).
1
Calculate -1 + (3 - (-3 + 1)) - 0.
4
What is the value of -5 - -14 - (-11 + 11)?
9
Calculate 6 + -6 + (8 - (5 - 2)).
5
What is the value of 1 - (11 + -16 + 6)?
0
What is the value of (-44 - -39) + 2 + -3?
-6
Calculate 0 - -1 - (13 - 15 - 2).
5
What is the value of 0 + 3 + 1 + -1 + -1?
2
What is (-5 + -9 - -8) + (0 - -1)?
-5
1 + 0 + -4 - -1 - -2
0
Calculate 21 - -4 - (-49 - -63).
11
What is the value of 3 + -3 + -3 + 2?
-1
0 + 3 - (-96 + 107)
-8
What is the value of 9 + -9 + (-1 - (-5 - -1))?
3
-1 + (1 - 3) - (1 + -1)
-3
What is -4 - (-2 + 1 + (-1 - -1))?
-3
Evaluate -5 + -17 + 10 + 4.
-8
(-3 - (-4 + 0 - 1)) + -3
-1
Evaluate 7 + (1 + -8 - 5).
-5
Calculate -33 - -28 - (-3 - 12).
10
Calculate 2 + -2 + 2 + 0 - 4.
-2
Evaluate -1 + 7 + -4 - (0 - 0).
2
What is the value of -2 + (12 - (1 + 1)) + -4?
4
Calculate -3 + -3 + 3 + -3 - -3.
-3
Calculate -1 - -8 - (4 - 5 - -4).
4
-14 + (2 - ((-6 - -7) + -6))
-7
What is (17 - 17) + -4 + 1?
-3
(-13 - (-9 - 0)) + 9
5
Evaluate (9 - 5) + -1 + (-14 - -10).
-1
Calculate 6 + -1 + 54 + -60.
-1
(-2 - (2 - 12)) + -4
4
Calculate -3 + (-3 - (-1 + -3)) - -9.
7
Calculate 2 + (-1 - 2) + 1 - 0.
0
What is the value of -4 + (11 + -1 - 3)?
3
1 + -7 + (6 - -2)
2
Evaluate 44 + -27 + (-11 - 1).
5
Calculate 2 - (-6 + 2 - -9).
-3
What is 1 + (16 - 16 - (4 + -1))?
-2
What is the value of -3 + -1 - (-4 - 0)?
0
What is -7 + 7 + -4 + 10?
6
Calculate -4 + 2 + (-5 - (1 - 3)).
-5
Evaluate 1 + -1 + (12 - 16).
-4
What is the value of -3 + 9 + -2 + -12?
-8
Calculate -3 - -12 - (1 - -2).
6
-7 + 1 - ((9 - 19) + 6)
-2
Calculate -7 - (0 + (-4 - 0) + -2).
-1
Evaluate 5 + -14 - -8 - -4.
3
4 - (0 + (-11 - -5 - -5))
5
Calculate (-1 - -5) + -5 + 8 + -1.
6
What is the value of 0 - -1 - (7 - 8)?
2
(10 - (21 + -7)) + 13 + 1
10
Evaluate 7 + -3 + 0 - 3 - -2.
3
-2 + (-6 - -17) + -5 + 6
10
What is the value of 4 - ((9 - (-4 - -8)) + -11)?
10
Evaluate (2 + -4 - -4) + (-25 - -25).
2
What is 1 - (6 + -8 + 3 + 2)?
-2
Evaluate 5 - -1 - (-11 - -12).
5
What is 5 + (-10 - (1 + -4))?
-2
Calculate -6 + -6 + (1 - -4) - -4.
-3
Calculate -2 - (0 + (-9 - -5)).
2
0 + (-4 - (-2 + -3)) + -1
0
5 + 5 + -12 - 0
-2
What is the value of -5 + 0 - (-16 - -16)?
-5
What is the value of 1 + 3 + (9 - 5) + -6?
2
9 + -17 + 9 + -1 + 5
5
15 - 4 - (-2 - (6 - 12))
7
Calculate (3 - 3) + -3 + (-3 - -9).
3
What is -4 + -3 + 7 + 1 + -3?
-2
What is the value of 5 + -2 + -4 - (1 + 1)?
-3
What is -2 - (-3 - (-1 + 0 + -5))?
-5
-6 - ((4 - 3) + -7)
0
Calculate 1 - (7 + -4 + -3).
1
What is -5 + -1 + -3 + 8 + -3?
-4
What is the value of 3 - (5 - (-1 + 3 - 0))?
0
What is the value of -8 + 12 + 0 + 0 + -5?
-1
What is the value of (6 - (5 - 3)) + -5 - -5?
4
-7 + 0 - 0 - -12
5
Evaluate 6 - (2 - -9) - (0 - 1).
-4
(-3 - -1) + 5 + (-21 - -22)
4
What is the value of (8 - 5) + (0 - 4)?
-1
(-63 - -68) + (-1 - (1 + 5))
-2
-15 + 3 + (-28 - -34)
-6
Calculate -2 + (0 + 3 - -4 - 3).
2
Evaluate -2 + 5 + (-13 - (-2 + -5)).
-3
What is the value of -3 - (-2 + -4 + -5 + 6)?
2
What is -3 + (2 - -1) + -3 + 5?
2
What is the value of 5 + -16 - (-2 - (-2 - -5))?
-6
Evaluate 1 + (6 + -2 - 3) - 7.
-5
Evaluate -1 - (1 - 3) - 6.
-5
What is -30 - -26 - (-1 - 8)?
5
What is (-3 - -2) + (2 - 8)?
-7
Calculate 0 + -8 + 48 + -43.
-3
Evaluate (-3 - (-9 + 2)) + 0.
4
What is the value of 7 + 6 + -6 + -2 - 7?
-2
Calculate -5 + -1 - -1 - (1 + -3).
-3
Calculate 1 - (4 - 5 - 0).
2
What is (8 - -11) + -9 + -1 + -4?
5
Calculate 1 - ((-2 - -1) + 4) - -4.
2
Evaluate (2 - (5 - 1)) + 12 + -5.
5
Calculate (3 - (-7 + 3)) + -9.
-2
What is -1 - -1 - (-3 + -1)?
4
Calculate 14 - (0 - (-8 - -3)).
9
Evaluate -6 + (3 - 0) - (-2 - -3).
-4
Calculate 13 + -13 + (-4 - 1).
-5
What is -9 - -2 - (31 - 40)?
2
-3 + 9 - 5 - (1 + 4)
-4
What is the value of -4 - -6 - (1 - -5)?
-4
Calculate -4 - (-6 + (3 - -5) - 3).
-3
What is -12 + 24 - (-3 - -10)?
5
Evaluate -5 + -1 + -3 + (0 - -7).
-2
What is the value of -3 - (-5 + 7 + -3) - 1?
-3
Evaluate 5 - (5 + (3 - 9) + -2).
8
Evaluate 0 + (5 + (-1 - 4) - -5).
5
3 + (4 + -7 - 4)
-4
Evaluate 6 - (-9 + (18 - 5)).
2
Evaluate (-22 + 15 - -10) + -12.
-9
Evaluate 2 + 0 + -1 + -1.
0
Evaluate 2 - (0 - -1 - (-10 + 7)).
-2
Calculate (-8 - 0 - -5) + 4 - 1.
0
Evaluate -2 - (-2 - -1) - (15 - 18).
2
What is 1 - ((1 - -1 - 4) + 6)?
-3
Evaluate -2 + 12 + -26 + 19.
3
What is the value of (1 - -3) + (-1 - 6 - -6)?
3
What is the value of (-1 - 0 - 13) + 4 + 5?
-5
(4 - 5) + 4 - 0
3
Calculate 35 + -35 - (-8 + 3).
5
-4 + 6 - 10 - -1
-7
(52 - 74) + (2 - -10)
-10
Calculate -4 - (1 - (3 - 1)) - 2.
-5
What is 6 + 4 + -2 - 4?
4
Calculate -6 + 0 + 6 + -9 + 3.
-6
What is the value of (-7 - -3) + -7 + 6 + -1?
-6
Calculate (1 - 1) + -6 + (133 - 119).
8
Calculate 3 - ((-1 - 3) + 1 - -1).
5
What is -5 + (4 - -1 - 1)?
-1
-2 + (-10 - -6) + (10 - 1)
3
Calculate 10 + -4 - (10 + -5).
1
Evaluate -2 + (0 - (3 + -3)) - 1.
-3
Calculate 2 + (3 - 8) + 7.
4
What is 13 + (12 - 9 - 9)?
7
Calculate 11 - 12 - ((1 - -3) + 3).
-8
What is -3 + (-2 - -4) + 3?
2
What is -4 + -2 + -3 + 10?
1
What is 2 + 12 + -4 + -6?
4
7 + (-10 - 11) - (-6 + 0)
-8
What is -2 + -14 + 9 + 0?
-7
Calculate (4 - (5 + -3) - 3) + -3.
-4
(5 - (4 + 2)) + 2
1
What is 0 + (0 - -2) - (-25 - -29)?
-2
What is the value of 0 - (8 - 3 - 5)?
0
Calculate 62 + -67 - (0 - -2).
-7
What is the value of -5 - (0 + 0) - (-1 - 3)?
-1
7 - 2 - (-23 - -23)
5
Evaluate 2 + (-4 - (0 - 0)).
-2
What is (43 - 42) + -1 + (-1 - -1)?
0
-8 + (-3 + 4 + 2 - 3)
-8
Calculate 11 - 3 - (7 - 4).
5
What is -4 + (2 - 4) - (-1 + -2)?
-3
Calculate 6 + (-10 + 2 - 1) - -2.
-1
4 + (1 + 3 - 3)
5
What is the value of (1 - -8) + -11 + 5?
3
2 - (0 - (1 + -5 - 2))
-4
Calculate (2 - 0 - 1) + -6.
-5
(-2 - (-4 - -6)) + 1
-3
What is the value of 5 - 11 - -11 - 9?
-4
-1 - -2 - (2 + 0 + -3)
2
What is 6 + 8 + -5 - 12?
-3
1 + 4 - (-36 - -36)
5
What is the value of -2 + -2 + 19 + -15?
0
Evaluate 2 + (7 - (7 - 1)).
3
What is the value of -1 - (2 + 4) - -10?
3
What is the value of -6 - (5 - (10 - -2) - 3)?
4
What is the value of 0 + (-4 - (-7 - 3))?
6
What is -2 + 6 + -2 - (-1 + 0)?
3
Evaluate (-3 - -5) + -5 - (-6 + 1).
2
What is the value of (-5 - -4) + 2 - (-5 - -2)?
4
Calculate -9 + -8 + 15 + (-1 - 0).
-3
What is the value of (-3 + -6 + 5 - 1) + 3?
-2
(6 - 5 - 3) + -3
-5
Calculate -3 - ((-8 - -8) + (1 - 1)).
-3
Evaluate 3 - 1 - -2 - (-6 - -4).
6
-9 + (10 - 4) + 11
8
What is 1 - (1 - 0) - (-6 - -1)?
5
Evaluate 4 - 11 - (-9 - -4).
-2
Calculate 3 - (1 + (2 - -1)).
-1
Calculate 12 + -8 - 0 - (17 + -4).
-9
Evaluate -4 + (4 + 0 - 0) - 3.
-3
Evaluate -10 - -2 - (-12 + 8).
-4
What is 32 + -23 - (1 + 6)?
2
Evaluate -6 - -6 - (0 - -4).
-4
What is -6 - (-7 + 7 + -8)?
2
Calculate -2 - ((1 - -4) + -4 - -2).
-5
Calculate -4 - (-3 - -9 - 8).
-2
51 + -47 + (0 - -4)
8
Calculate 11 - (7 - (-6 + 14 - 7)).
5
What is -102 + 105 - (-2 - 1)?
6
Evaluate (-7 - (2 - 4)) + 4 - 2.
-3
What is the value of 0 - 0 - (-8 + 4 + 1)?
3
5 + (7 - (-3 - -12))
3
What is the value of -9 + (15 - 10) + 2?
-2
What is the value of 5 - (25 + (-6 - -1) + -4)?
-11
Calculate 4 + -3 + (-1 - -2).
2
-6 + 1 + -6 + (6 - 1)
-6
-12 + (3 - 10) + 11
-8
Evaluate 4 + 0 - (-4 - (3 + -14)).
-3
Calculate 0 - (-2 + 1 + 1 + 4).
-4
5 - (1 + (-9 - -7))
6
Calculate -6 + -1 + 5 + 11 + -7.
2
What is (-2 - 3) + (6 - 3) + -5?
-7
Evaluate -6 + -1 - -3 - (1 + -9).
4
4 + 2 + -4 + -3
-1
Calculate 5 - (6 + -4) - 9.
-6
What is 8 + 3 + -9 - -3?
5
Calculate 11 + -